{"id":525,"date":"2025-07-10T10:18:23","date_gmt":"2025-07-10T10:18:23","guid":{"rendered":"https:\/\/projectestolpersteinebcn.amical-mauthausen.org\/testimonis\/jose-colome-pijoan\/"},"modified":"2025-07-10T10:26:47","modified_gmt":"2025-07-10T10:26:47","slug":"jose-colome-pijoan","status":"publish","type":"testimonis","link":"https:\/\/projectestolpersteinebcn.amical-mauthausen.org\/es\/testimonis\/jose-colome-pijoan\/","title":{"rendered":"Jos\u00e9 Colom\u00e9 Pijoan"},"content":{"rendered":"<p><strong>Naci\u00f3 el 10 de marzo de 1907 en Barcelona, en la calle C\u00f2rsega, 657 (Sant Mart\u00ed).<\/strong><\/p>\n<p>En 1939 se exili\u00f3. Con la ocupaci\u00f3n de Francia por parte del ej\u00e9rcito alem\u00e1n, fue detenido y encarcelado en el Stalag V-D de la localidad de Estrasburgo, donde recibi\u00f3 el n\u00famero de matr\u00edcula 3221.<\/p>\n<p>Desde este Stalag fue deportado al campo de concentraci\u00f3n de Mauthausen, donde ingres\u00f3 el 13 de diciembre de 1940 con el n\u00famero de matr\u00edcula 4715.<\/p>\n<p>El 29 de marzo de 1941 fue conducido al subcampo de Gusen, donde se le asign\u00f3 el n\u00famero de matr\u00edcula 11213, y donde fue asesinado el 7 de noviembre de 1941.<\/p>\n","protected":false},"featured_media":0,"template":"","districte":[21],"class_list":["post-525","testimonis","type-testimonis","status-publish","hentry","districte-sant-marti"],"acf":[],"_links":{"self":[{"href":"https:\/\/projectestolpersteinebcn.amical-mauthausen.org\/es\/wp-json\/wp\/v2\/testimonis\/525","targetHints":{"allow":["GET"]}}],"collection":[{"href":"https:\/\/projectestolpersteinebcn.amical-mauthausen.org\/es\/wp-json\/wp\/v2\/testimonis"}],"about":[{"href":"https:\/\/projectestolpersteinebcn.amical-mauthausen.org\/es\/wp-json\/wp\/v2\/types\/testimonis"}],"wp:attachment":[{"href":"https:\/\/projectestolpersteinebcn.amical-mauthausen.org\/es\/wp-json\/wp\/v2\/media?parent=525"}],"wp:term":[{"taxonomy":"districte","embeddable":true,"href":"https:\/\/projectestolpersteinebcn.amical-mauthausen.org\/es\/wp-json\/wp\/v2\/districte?post=525"}],"curies":[{"name":"wp","href":"https:\/\/api.w.org\/{rel}","templated":true}]}}

José Colomé Pijoan

<p><strong>Nació el 10 de marzo de 1907 en Barcelona, en la calle Còrsega, 657 (Sant Martí).</strong></p>
<p>En 1939 se exilió. Con la ocupación de Francia por parte del ejército alemán, fue detenido y encarcelado en el Stalag V-D de la localidad de Estrasburgo, donde recibió el número de matrícula 3221.</p>
<p>Desde este Stalag fue deportado al campo de concentración de Mauthausen, donde ingresó el 13 de diciembre de 1940 con el número de matrícula 4715.</p>
<p>El 29 de marzo de 1941 fue conducido al subcampo de Gusen, donde se le asignó el número de matrícula 11213, y donde fue asesinado el 7 de noviembre de 1941.</p>
