{"id":524,"date":"2025-07-10T10:16:54","date_gmt":"2025-07-10T10:16:54","guid":{"rendered":"https:\/\/projectestolpersteinebcn.amical-mauthausen.org\/testimonis\/ricardo-sierra-sanchez\/"},"modified":"2025-07-10T10:26:31","modified_gmt":"2025-07-10T10:26:31","slug":"ricardo-sierra-sanchez","status":"publish","type":"testimonis","link":"https:\/\/projectestolpersteinebcn.amical-mauthausen.org\/es\/testimonis\/ricardo-sierra-sanchez\/","title":{"rendered":"Ricardo Sierra S\u00e1nchez"},"content":{"rendered":"<p><strong>Naci\u00f3 el 28 de enero de 1910 en G\u00e0tova, en la comarca del Camp de T\u00faria (Valencia), y se traslad\u00f3 a vivir a Barcelona con su esposa Francesca Domingo Pueyo.<\/strong><\/p>\n<p>Ricardo Sierra trabajaba como jornalero y era militante de la CNT. Al final de la Guerra Civil se exili\u00f3 a Francia. Estuvo en un campo de prisioneros en Argel\u00e8s-sur-Mer, en el sur de Francia. Se integr\u00f3 en una Compa\u00f1\u00eda de Trabajadores Extranjeros (CTE) y se desplaz\u00f3 por diversas localidades francesas.<\/p>\n<p>Con la derrota del ej\u00e9rcito franc\u00e9s fue capturado y detenido por la Wehrmacht y encarcelado en un campo de prisioneros de guerra, el Stalag XVIII-B, en la localidad austr\u00edaca de Gneixendorf, con el n\u00famero de matr\u00edcula 31095.<\/p>\n<p>Posteriormente fue deportado al campo de concentraci\u00f3n de Mauthausen, donde lleg\u00f3 el 19 de diciembre de 1941 y donde se le asign\u00f3 el n\u00famero de matr\u00edcula 5088. Fue asesinado en Mauthausen el 25 de marzo de 1943.<\/p>\n","protected":false},"featured_media":0,"template":"","districte":[20],"class_list":["post-524","testimonis","type-testimonis","status-publish","hentry","districte-sant-andreu"],"acf":[],"_links":{"self":[{"href":"https:\/\/projectestolpersteinebcn.amical-mauthausen.org\/es\/wp-json\/wp\/v2\/testimonis\/524","targetHints":{"allow":["GET"]}}],"collection":[{"href":"https:\/\/projectestolpersteinebcn.amical-mauthausen.org\/es\/wp-json\/wp\/v2\/testimonis"}],"about":[{"href":"https:\/\/projectestolpersteinebcn.amical-mauthausen.org\/es\/wp-json\/wp\/v2\/types\/testimonis"}],"wp:attachment":[{"href":"https:\/\/projectestolpersteinebcn.amical-mauthausen.org\/es\/wp-json\/wp\/v2\/media?parent=524"}],"wp:term":[{"taxonomy":"districte","embeddable":true,"href":"https:\/\/projectestolpersteinebcn.amical-mauthausen.org\/es\/wp-json\/wp\/v2\/districte?post=524"}],"curies":[{"name":"wp","href":"https:\/\/api.w.org\/{rel}","templated":true}]}}

Ricardo Sierra Sánchez

<p><strong>Nació el 28 de enero de 1910 en Gàtova, en la comarca del Camp de Túria (Valencia), y se trasladó a vivir a Barcelona con su esposa Francesca Domingo Pueyo.</strong></p>
<p>Ricardo Sierra trabajaba como jornalero y era militante de la CNT. Al final de la Guerra Civil se exilió a Francia. Estuvo en un campo de prisioneros en Argelès-sur-Mer, en el sur de Francia. Se integró en una Compañía de Trabajadores Extranjeros (CTE) y se desplazó por diversas localidades francesas.</p>
<p>Con la derrota del ejército francés fue capturado y detenido por la Wehrmacht y encarcelado en un campo de prisioneros de guerra, el Stalag XVIII-B, en la localidad austríaca de Gneixendorf, con el número de matrícula 31095.</p>
<p>Posteriormente fue deportado al campo de concentración de Mauthausen, donde llegó el 19 de diciembre de 1941 y donde se le asignó el número de matrícula 5088. Fue asesinado en Mauthausen el 25 de marzo de 1943.</p>
