{"id":522,"date":"2025-07-10T10:09:08","date_gmt":"2025-07-10T10:09:08","guid":{"rendered":"https:\/\/projectestolpersteinebcn.amical-mauthausen.org\/testimonis\/francesc-manuel-i-josep-sarinena-esparrell\/"},"modified":"2025-07-10T10:25:55","modified_gmt":"2025-07-10T10:25:55","slug":"francesc-manuel-i-josep-sarinena-esparrell","status":"publish","type":"testimonis","link":"https:\/\/projectestolpersteinebcn.amical-mauthausen.org\/es\/testimonis\/francesc-manuel-i-josep-sarinena-esparrell\/","title":{"rendered":"Francesc, Manuel i Josep Sari\u00f1ena Esparrell"},"content":{"rendered":"<p><strong>Los tres hermanos nacieron en el barrio de Sants de Barcelona con una diferencia de poco m\u00e1s de tres a\u00f1os: Francesc, el 27 de abril de 1914, Manuel, el 3 de julio de 1915 y Josep, el 29 de agosto de 1917.<\/strong><\/p>\n<p>Durante su exilio en tierras francesas formaron parte de la 29\u00aa Compa\u00f1\u00eda de Trabajadores Extranjeros. Tras su detenci\u00f3n por los alemanes en mayo-junio de 1940, fueron internados como prisioneros de guerra en el Frontstalag 140, situado en Belfort (Francia) y, posteriormente, en el Stalag XI-B Fallingbostel (Hannover), desde donde fueron deportados a Mauthausen el 27 de enero de 1941, en un transporte con m\u00e1s de 1.500 republicanos.<\/p>\n<p>Los tres permanecieron juntos durante el registro de entrada en el campo y se les asignaron n\u00fameros de matr\u00edcula consecutivos. Dos meses despu\u00e9s tambi\u00e9n fueron trasladados juntos al campo de Gusen.<\/p>\n<p>Francesc muri\u00f3 el 21 de agosto, y diez d\u00edas despu\u00e9s fue Manuel quien perdi\u00f3 la vida. Josep, el m\u00e1s joven de los tres, resisti\u00f3 unos meses m\u00e1s hasta el 30 de julio del a\u00f1o siguiente, fecha en que se registr\u00f3 su muerte en Gusen. No se conoce otro caso similar en que tres hermanos republicanos fueran deportados, hicieran el mismo recorrido y acabaran sus d\u00edas en el mismo campo nazi.<\/p>\n","protected":false},"featured_media":0,"template":"","districte":[15],"class_list":["post-522","testimonis","type-testimonis","status-publish","hentry","districte-sants-montjuic"],"acf":[],"_links":{"self":[{"href":"https:\/\/projectestolpersteinebcn.amical-mauthausen.org\/es\/wp-json\/wp\/v2\/testimonis\/522","targetHints":{"allow":["GET"]}}],"collection":[{"href":"https:\/\/projectestolpersteinebcn.amical-mauthausen.org\/es\/wp-json\/wp\/v2\/testimonis"}],"about":[{"href":"https:\/\/projectestolpersteinebcn.amical-mauthausen.org\/es\/wp-json\/wp\/v2\/types\/testimonis"}],"wp:attachment":[{"href":"https:\/\/projectestolpersteinebcn.amical-mauthausen.org\/es\/wp-json\/wp\/v2\/media?parent=522"}],"wp:term":[{"taxonomy":"districte","embeddable":true,"href":"https:\/\/projectestolpersteinebcn.amical-mauthausen.org\/es\/wp-json\/wp\/v2\/districte?post=522"}],"curies":[{"name":"wp","href":"https:\/\/api.w.org\/{rel}","templated":true}]}}

Francesc, Manuel i Josep Sariñena Esparrell

<p><strong>Los tres hermanos nacieron en el barrio de Sants de Barcelona con una diferencia de poco más de tres años: Francesc, el 27 de abril de 1914, Manuel, el 3 de julio de 1915 y Josep, el 29 de agosto de 1917.</strong></p>
<p>Durante su exilio en tierras francesas formaron parte de la 29ª Compañía de Trabajadores Extranjeros. Tras su detención por los alemanes en mayo-junio de 1940, fueron internados como prisioneros de guerra en el Frontstalag 140, situado en Belfort (Francia) y, posteriormente, en el Stalag XI-B Fallingbostel (Hannover), desde donde fueron deportados a Mauthausen el 27 de enero de 1941, en un transporte con más de 1.500 republicanos.</p>
<p>Los tres permanecieron juntos durante el registro de entrada en el campo y se les asignaron números de matrícula consecutivos. Dos meses después también fueron trasladados juntos al campo de Gusen.</p>
<p>Francesc murió el 21 de agosto, y diez días después fue Manuel quien perdió la vida. Josep, el más joven de los tres, resistió unos meses más hasta el 30 de julio del año siguiente, fecha en que se registró su muerte en Gusen. No se conoce otro caso similar en que tres hermanos republicanos fueran deportados, hicieran el mismo recorrido y acabaran sus días en el mismo campo nazi.</p>
