{"id":521,"date":"2025-07-10T10:07:58","date_gmt":"2025-07-10T10:07:58","guid":{"rendered":"https:\/\/projectestolpersteinebcn.amical-mauthausen.org\/testimonis\/narcis-gibert-galtes\/"},"modified":"2025-07-15T09:23:37","modified_gmt":"2025-07-15T09:23:37","slug":"narcis-gibert-galtes","status":"publish","type":"testimonis","link":"https:\/\/projectestolpersteinebcn.amical-mauthausen.org\/es\/testimonis\/narcis-gibert-galtes\/","title":{"rendered":"Narc\u00eds Gibert Galt\u00e9s"},"content":{"rendered":"<p>Nascut a la rambla de Santa M\u00f2nica de la capital catalana, Gibert fou el sis\u00e8 i \u00faltim fill d\u2019una fam\u00edlia nombrosa. S\u2019educ\u00e0 en una escola cat\u00f2lica i cultiv\u00e0 la seva passi\u00f3 per la m\u00fasica de cant coral. Combin\u00e0 la seva faceta de cantant professional amb la feina de dependent en una gran botiga. Gibert simpatitzava amb el catalanisme pol\u00edtic, per\u00f2 no militava en cap partit.<\/p>\n<p>Un cop iniciada la Guerra Civil, ingress\u00e0 de manera volunt\u00e0ria a l\u2019Escola Popular de Guerra fins a obtenir la capacitaci\u00f3 per a les unitats d\u2019artilleria. Fou destinat a Palam\u00f3s i al front d\u2019Arag\u00f3 abans de caure ferit. Ascendit a capit\u00e0 d\u2019artilleria, el destinaren en \u00faltima inst\u00e0ncia al castell de Sant Ferran de Figueres abans de creuar la frontera com a exiliat.<\/p>\n<p>Tancat al camp d\u2019Argelers de la Marenda, Gibert patia pel dest\u00ed de la seva dona Rosa i els seus fills, Jordi i Merc\u00e8, nascuda el 1937. Van aconseguir reunir-se a Par\u00eds on van patir l\u2019ocupaci\u00f3 nazi.<\/p>\n<p>El 23 d\u2019abril de 1941, Gibert fou detingut per la Gestapo i deportat al camp nazi de Dachau, a Alemanya, el 19 de juliol del mateix any. Va ser assassinat al camp nazi el 21 de febrer de 1942. Deixava v\u00eddua i tres fills orfes.<\/p>\n","protected":false},"featured_media":0,"template":"","districte":[13],"class_list":["post-521","testimonis","type-testimonis","status-publish","hentry","districte-ciutat-vella"],"acf":[],"_links":{"self":[{"href":"https:\/\/projectestolpersteinebcn.amical-mauthausen.org\/es\/wp-json\/wp\/v2\/testimonis\/521","targetHints":{"allow":["GET"]}}],"collection":[{"href":"https:\/\/projectestolpersteinebcn.amical-mauthausen.org\/es\/wp-json\/wp\/v2\/testimonis"}],"about":[{"href":"https:\/\/projectestolpersteinebcn.amical-mauthausen.org\/es\/wp-json\/wp\/v2\/types\/testimonis"}],"wp:attachment":[{"href":"https:\/\/projectestolpersteinebcn.amical-mauthausen.org\/es\/wp-json\/wp\/v2\/media?parent=521"}],"wp:term":[{"taxonomy":"districte","embeddable":true,"href":"https:\/\/projectestolpersteinebcn.amical-mauthausen.org\/es\/wp-json\/wp\/v2\/districte?post=521"}],"curies":[{"name":"wp","href":"https:\/\/api.w.org\/{rel}","templated":true}]}}

Narcís Gibert Galtés

<p>Nascut a la rambla de Santa Mònica de la capital catalana, Gibert fou el sisè i últim fill d’una família nombrosa. S’educà en una escola catòlica i cultivà la seva passió per la música de cant coral. Combinà la seva faceta de cantant professional amb la feina de dependent en una gran botiga. Gibert simpatitzava amb el catalanisme polític, però no militava en cap partit.</p>
<p>Un cop iniciada la Guerra Civil, ingressà de manera voluntària a l’Escola Popular de Guerra fins a obtenir la capacitació per a les unitats d’artilleria. Fou destinat a Palamós i al front d’Aragó abans de caure ferit. Ascendit a capità d’artilleria, el destinaren en última instància al castell de Sant Ferran de Figueres abans de creuar la frontera com a exiliat.</p>
<p>Tancat al camp d’Argelers de la Marenda, Gibert patia pel destí de la seva dona Rosa i els seus fills, Jordi i Mercè, nascuda el 1937. Van aconseguir reunir-se a París on van patir l’ocupació nazi.</p>
<p>El 23 d’abril de 1941, Gibert fou detingut per la Gestapo i deportat al camp nazi de Dachau, a Alemanya, el 19 de juliol del mateix any. Va ser assassinat al camp nazi el 21 de febrer de 1942. Deixava vídua i tres fills orfes.</p>
