{"id":519,"date":"2025-07-10T10:04:58","date_gmt":"2025-07-10T10:04:58","guid":{"rendered":"https:\/\/projectestolpersteinebcn.amical-mauthausen.org\/testimonis\/ramon-garcia-canovas\/"},"modified":"2025-07-10T10:25:02","modified_gmt":"2025-07-10T10:25:02","slug":"ramon-garcia-canovas","status":"publish","type":"testimonis","link":"https:\/\/projectestolpersteinebcn.amical-mauthausen.org\/es\/testimonis\/ramon-garcia-canovas\/","title":{"rendered":"Ramon Garc\u00eda Canovas"},"content":{"rendered":"<p><strong>Naci\u00f3 el 15 de octubre de 1919 en Barcelona, en la calle Basses de Sant Pere, 9 de Ciutat Vella.<\/strong><\/p>\n<p>En 1939 se exili\u00f3 a Francia. Estuvo en una Compa\u00f1\u00eda de Trabajadores Extranjeros (CTE), donde fue detenido y encarcelado por el ej\u00e9rcito alem\u00e1n, primero en el FrontStalag 122 en la localidad francesa de Chaumont con el n\u00famero de matr\u00edcula 2453. Posteriormente en el Stalag VI-F en la ciudad alemana de Bacholt y el 26 de febrero de 1941 en el Stalag XII-D en Tr\u00e9veris (Alemania).<\/p>\n<p>El 31 de marzo de 1941 fue deportado al campo de concentraci\u00f3n de Mauthausen, donde ingres\u00f3 el 3 de abril de 1941 y se le asign\u00f3 el n\u00famero de matr\u00edcula 4001.<\/p>\n<p>El 20 de octubre de 1941 fue trasladado al subcampo de Gusen, donde se le asign\u00f3 el n\u00famero de matr\u00edcula 14625 y donde fue asesinado el 16 de noviembre de 1941.<\/p>\n","protected":false},"featured_media":0,"template":"","districte":[13],"class_list":["post-519","testimonis","type-testimonis","status-publish","hentry","districte-ciutat-vella"],"acf":[],"_links":{"self":[{"href":"https:\/\/projectestolpersteinebcn.amical-mauthausen.org\/es\/wp-json\/wp\/v2\/testimonis\/519","targetHints":{"allow":["GET"]}}],"collection":[{"href":"https:\/\/projectestolpersteinebcn.amical-mauthausen.org\/es\/wp-json\/wp\/v2\/testimonis"}],"about":[{"href":"https:\/\/projectestolpersteinebcn.amical-mauthausen.org\/es\/wp-json\/wp\/v2\/types\/testimonis"}],"wp:attachment":[{"href":"https:\/\/projectestolpersteinebcn.amical-mauthausen.org\/es\/wp-json\/wp\/v2\/media?parent=519"}],"wp:term":[{"taxonomy":"districte","embeddable":true,"href":"https:\/\/projectestolpersteinebcn.amical-mauthausen.org\/es\/wp-json\/wp\/v2\/districte?post=519"}],"curies":[{"name":"wp","href":"https:\/\/api.w.org\/{rel}","templated":true}]}}

Ramon García Canovas

<p><strong>Nació el 15 de octubre de 1919 en Barcelona, en la calle Basses de Sant Pere, 9 de Ciutat Vella.</strong></p>
<p>En 1939 se exilió a Francia. Estuvo en una Compañía de Trabajadores Extranjeros (CTE), donde fue detenido y encarcelado por el ejército alemán, primero en el FrontStalag 122 en la localidad francesa de Chaumont con el número de matrícula 2453. Posteriormente en el Stalag VI-F en la ciudad alemana de Bacholt y el 26 de febrero de 1941 en el Stalag XII-D en Tréveris (Alemania).</p>
<p>El 31 de marzo de 1941 fue deportado al campo de concentración de Mauthausen, donde ingresó el 3 de abril de 1941 y se le asignó el número de matrícula 4001.</p>
<p>El 20 de octubre de 1941 fue trasladado al subcampo de Gusen, donde se le asignó el número de matrícula 14625 y donde fue asesinado el 16 de noviembre de 1941.</p>
