{"id":515,"date":"2025-07-10T09:51:16","date_gmt":"2025-07-10T09:51:16","guid":{"rendered":"https:\/\/projectestolpersteinebcn.amical-mauthausen.org\/testimonis\/fernando-damians-de-las-heras\/"},"modified":"2025-07-14T10:37:22","modified_gmt":"2025-07-14T10:37:22","slug":"fernando-damians-de-las-heras","status":"publish","type":"testimonis","link":"https:\/\/projectestolpersteinebcn.amical-mauthausen.org\/es\/testimonis\/fernando-damians-de-las-heras\/","title":{"rendered":"Fernando Damians de las Heras"},"content":{"rendered":"<p><strong>Naci\u00f3 el 5 de octubre de 1907 en Barcelona, en la calle Sunyer y Capdevila, 3, actualmente Beat Almat\u00f3, 3 del barrio de Gr\u00e0cia.<\/strong><\/p>\n<p>En 1939 se exili\u00f3 a Francia, donde fue detenido por las tropas alemanas tras la ocupaci\u00f3n del pa\u00eds. Fue enviado al Stalag V-D cerca de la ciudad de Estrasburgo, donde fue registrado con el n\u00famero de matr\u00edcula 2756.<\/p>\n<p>El 11 de diciembre de 1940 fue deportado al campo de concentraci\u00f3n de Mauthausen, donde ingres\u00f3 el 13 de diciembre de 1940 con el n\u00famero de matr\u00edcula 4734.<\/p>\n<p>El 17 de febrero de 1941 fue trasladado al subcampo de Gusen con el n\u00famero de matr\u00edcula 9884, donde fue asesinado el 9 de noviembre de 1941.<\/p>\n","protected":false},"featured_media":0,"template":"","districte":[17],"class_list":["post-515","testimonis","type-testimonis","status-publish","hentry","districte-gracia"],"acf":[],"_links":{"self":[{"href":"https:\/\/projectestolpersteinebcn.amical-mauthausen.org\/es\/wp-json\/wp\/v2\/testimonis\/515","targetHints":{"allow":["GET"]}}],"collection":[{"href":"https:\/\/projectestolpersteinebcn.amical-mauthausen.org\/es\/wp-json\/wp\/v2\/testimonis"}],"about":[{"href":"https:\/\/projectestolpersteinebcn.amical-mauthausen.org\/es\/wp-json\/wp\/v2\/types\/testimonis"}],"wp:attachment":[{"href":"https:\/\/projectestolpersteinebcn.amical-mauthausen.org\/es\/wp-json\/wp\/v2\/media?parent=515"}],"wp:term":[{"taxonomy":"districte","embeddable":true,"href":"https:\/\/projectestolpersteinebcn.amical-mauthausen.org\/es\/wp-json\/wp\/v2\/districte?post=515"}],"curies":[{"name":"wp","href":"https:\/\/api.w.org\/{rel}","templated":true}]}}

<p><strong>Nació el 5 de octubre de 1907 en Barcelona, en la calle Sunyer y Capdevila, 3, actualmente Beat Almató, 3 del barrio de Gràcia.</strong></p>
<p>En 1939 se exilió a Francia, donde fue detenido por las tropas alemanas tras la ocupación del país. Fue enviado al Stalag V-D cerca de la ciudad de Estrasburgo, donde fue registrado con el número de matrícula 2756.</p>
<p>El 11 de diciembre de 1940 fue deportado al campo de concentración de Mauthausen, donde ingresó el 13 de diciembre de 1940 con el número de matrícula 4734.</p>
<p>El 17 de febrero de 1941 fue trasladado al subcampo de Gusen con el número de matrícula 9884, donde fue asesinado el 9 de noviembre de 1941.</p>
