{"id":433,"date":"2024-07-18T11:11:24","date_gmt":"2024-07-18T11:11:24","guid":{"rendered":"https:\/\/projectestolpersteinebcn.amical-mauthausen.org\/testimonis\/elisa-garrido-gracia\/"},"modified":"2024-07-18T11:33:55","modified_gmt":"2024-07-18T11:33:55","slug":"elisa-garrido-gracia","status":"publish","type":"testimonis","link":"https:\/\/projectestolpersteinebcn.amical-mauthausen.org\/es\/testimonis\/elisa-garrido-gracia\/","title":{"rendered":"Elisa Garrido Gracia"},"content":{"rendered":"<p><strong>Naci\u00f3 en Magall\u00f3n, Zaragoza el 14 de junio de 1909.<\/strong><\/p>\n<p>Durante la Guerra Civil fue movilizada al cuartel de Ausi\u00e0s March; desde all\u00e1 la deportaron al frente, Estuvo en Chinchillas y Maqueda.<\/p>\n<p>Milit\u00f3 en la CNT y al final de la guerra se exili\u00f3 a Francia. Estando en Toulouse comenz\u00f3 a participar en la resistencia con el nombre de \u00abFran\u00e7oise\u00bb. Teniendo un jefe de la resistencia escondido en su casa se present\u00f3 la Gestapo y la detuvo. La trasladaron a Par\u00eds el 1943, les pusieron un n\u00famero y la subieron en un transporte que sali\u00f3 de Compi\u00e8gne hacia Ravensbr\u00fcck el 31 de enero de 1944, lleg\u00f3 el 3 de febrero de 1944. Despu\u00e9s la trasladaron a Buchenwald donde lleg\u00f3 el 12 de septiembre de 1944 i de all\u00e1 la enviaron a trabajar a Leipzig.<\/p>\n<p>Consigui\u00f3 ser liberada cuando la Cruz Roja intercambi\u00f3 deportadas por prisioneros alemanes. Lleg\u00f3 a Frankfurt i de all\u00e1 a Dinamarca y despu\u00e9s a Suecia. Fue liberada en Estocolmo y la trasladaron a Par\u00eds.<\/p>\n<p>Elisa muri\u00f3 el 19 de marzo de 1990.<\/p>\n","protected":false},"featured_media":0,"template":"","districte":[13],"class_list":["post-433","testimonis","type-testimonis","status-publish","hentry","districte-ciutat-vella"],"acf":[],"_links":{"self":[{"href":"https:\/\/projectestolpersteinebcn.amical-mauthausen.org\/es\/wp-json\/wp\/v2\/testimonis\/433","targetHints":{"allow":["GET"]}}],"collection":[{"href":"https:\/\/projectestolpersteinebcn.amical-mauthausen.org\/es\/wp-json\/wp\/v2\/testimonis"}],"about":[{"href":"https:\/\/projectestolpersteinebcn.amical-mauthausen.org\/es\/wp-json\/wp\/v2\/types\/testimonis"}],"wp:attachment":[{"href":"https:\/\/projectestolpersteinebcn.amical-mauthausen.org\/es\/wp-json\/wp\/v2\/media?parent=433"}],"wp:term":[{"taxonomy":"districte","embeddable":true,"href":"https:\/\/projectestolpersteinebcn.amical-mauthausen.org\/es\/wp-json\/wp\/v2\/districte?post=433"}],"curies":[{"name":"wp","href":"https:\/\/api.w.org\/{rel}","templated":true}]}}

<p><strong>Nació en Magallón, Zaragoza el 14 de junio de 1909.</strong></p>
<p>Durante la Guerra Civil fue movilizada al cuartel de Ausiàs March; desde allá la deportaron al frente, Estuvo en Chinchillas y Maqueda.</p>
<p>Militó en la CNT y al final de la guerra se exilió a Francia. Estando en Toulouse comenzó a participar en la resistencia con el nombre de «Françoise». Teniendo un jefe de la resistencia escondido en su casa se presentó la Gestapo y la detuvo. La trasladaron a París el 1943, les pusieron un número y la subieron en un transporte que salió de Compiègne hacia Ravensbrück el 31 de enero de 1944, llegó el 3 de febrero de 1944. Después la trasladaron a Buchenwald donde llegó el 12 de septiembre de 1944 i de allá la enviaron a trabajar a Leipzig.</p>
<p>Consiguió ser liberada cuando la Cruz Roja intercambió deportadas por prisioneros alemanes. Llegó a Frankfurt i de allá a Dinamarca y después a Suecia. Fue liberada en Estocolmo y la trasladaron a París.</p>
<p>Elisa murió el 19 de marzo de 1990.</p>
