{"id":428,"date":"2024-07-18T10:35:09","date_gmt":"2024-07-18T10:35:09","guid":{"rendered":"https:\/\/projectestolpersteinebcn.amical-mauthausen.org\/testimonis\/joan-font-ribes\/"},"modified":"2024-07-18T10:43:57","modified_gmt":"2024-07-18T10:43:57","slug":"joan-font-ribes","status":"publish","type":"testimonis","link":"https:\/\/projectestolpersteinebcn.amical-mauthausen.org\/es\/testimonis\/joan-font-ribes\/","title":{"rendered":"Joan Font Ribes"},"content":{"rendered":"<p><strong>Joan Font naci\u00f3 el 18 de septiembre de 1908 en Barcelona.<\/strong><\/p>\n<p>Con la derrota de la Rep\u00fablica march\u00f3 al exilio a Francia donde fue internado en un campo de refugiados.<\/p>\n<p>Fue encarcelado por el ej\u00e9rcito alem\u00e1n en el Stalag V-D en la localidad de Strasbourg con el n\u00famero 2566, desde donde fue deportado a Mauthausen el 13 de diciembre de 1940 con la matr\u00edcula 4793.<\/p>\n<p>El 17 de febrero de 1941 fue trasladado a Gusen donde le correspondi\u00f3 el n\u00famero de matr\u00edcula 10718. Fue asesinado en el mismo campo el 13 de noviembre de 1941.<\/p>\n","protected":false},"featured_media":0,"template":"","districte":[17],"class_list":["post-428","testimonis","type-testimonis","status-publish","hentry","districte-gracia"],"acf":[],"_links":{"self":[{"href":"https:\/\/projectestolpersteinebcn.amical-mauthausen.org\/es\/wp-json\/wp\/v2\/testimonis\/428","targetHints":{"allow":["GET"]}}],"collection":[{"href":"https:\/\/projectestolpersteinebcn.amical-mauthausen.org\/es\/wp-json\/wp\/v2\/testimonis"}],"about":[{"href":"https:\/\/projectestolpersteinebcn.amical-mauthausen.org\/es\/wp-json\/wp\/v2\/types\/testimonis"}],"wp:attachment":[{"href":"https:\/\/projectestolpersteinebcn.amical-mauthausen.org\/es\/wp-json\/wp\/v2\/media?parent=428"}],"wp:term":[{"taxonomy":"districte","embeddable":true,"href":"https:\/\/projectestolpersteinebcn.amical-mauthausen.org\/es\/wp-json\/wp\/v2\/districte?post=428"}],"curies":[{"name":"wp","href":"https:\/\/api.w.org\/{rel}","templated":true}]}}

<p><strong>Joan Font nació el 18 de septiembre de 1908 en Barcelona.</strong></p>
<p>Con la derrota de la República marchó al exilio a Francia donde fue internado en un campo de refugiados.</p>
<p>Fue encarcelado por el ejército alemán en el Stalag V-D en la localidad de Strasbourg con el número 2566, desde donde fue deportado a Mauthausen el 13 de diciembre de 1940 con la matrícula 4793.</p>
<p>El 17 de febrero de 1941 fue trasladado a Gusen donde le correspondió el número de matrícula 10718. Fue asesinado en el mismo campo el 13 de noviembre de 1941.</p>
