{"id":409,"date":"2024-07-18T07:57:27","date_gmt":"2024-07-18T07:57:27","guid":{"rendered":"https:\/\/projectestolpersteinebcn.amical-mauthausen.org\/testimonis\/joan-adelantado-andreu\/"},"modified":"2024-07-18T08:52:26","modified_gmt":"2024-07-18T08:52:26","slug":"joan-adelantado-andreu","status":"publish","type":"testimonis","link":"https:\/\/projectestolpersteinebcn.amical-mauthausen.org\/es\/testimonis\/joan-adelantado-andreu\/","title":{"rendered":"Joan Adelantado Andreu"},"content":{"rendered":"<p><strong>Naci\u00f3 en Barcelona en 1912. Milit\u00f3 en la CNT.<\/strong><\/p>\n<p>Con la derrota de 1939 pas\u00f3 la frontera y fue internado en Argelers y Barcar\u00e8s. Se apunt\u00f3 al XXII Regimiento de Marcha y fue enviado al frente de Somme.<\/p>\n<p>El 6 de junio de 1940 se hace prisionero por los alemanes y es internado en Moosburg (Stalag VII) y de all\u00ed a Mauthausen . Form\u00f3 parte del \u201cKomando Cesar\u201d. En 1942 logra huir, pero es apresado y enviado a trabajar en la cantera de Mauthausen. M\u00e1s tarde es enviado a un Komando de trabajo en el Tirol destinado a los condenados a muerte, pero vuelve a huir. Es detenido de nuevo y enviado a Mauthausen y Gusen. Al final de la guerra es incluido en las \u201cMarchas de la muerte\u201d, sobrevive y es liberado cerca de Persing por las tropas aliadas.<\/p>\n","protected":false},"featured_media":0,"template":"","districte":[21],"class_list":["post-409","testimonis","type-testimonis","status-publish","hentry","districte-sant-marti"],"acf":[],"_links":{"self":[{"href":"https:\/\/projectestolpersteinebcn.amical-mauthausen.org\/es\/wp-json\/wp\/v2\/testimonis\/409","targetHints":{"allow":["GET"]}}],"collection":[{"href":"https:\/\/projectestolpersteinebcn.amical-mauthausen.org\/es\/wp-json\/wp\/v2\/testimonis"}],"about":[{"href":"https:\/\/projectestolpersteinebcn.amical-mauthausen.org\/es\/wp-json\/wp\/v2\/types\/testimonis"}],"wp:attachment":[{"href":"https:\/\/projectestolpersteinebcn.amical-mauthausen.org\/es\/wp-json\/wp\/v2\/media?parent=409"}],"wp:term":[{"taxonomy":"districte","embeddable":true,"href":"https:\/\/projectestolpersteinebcn.amical-mauthausen.org\/es\/wp-json\/wp\/v2\/districte?post=409"}],"curies":[{"name":"wp","href":"https:\/\/api.w.org\/{rel}","templated":true}]}}

<p><strong>Nació en Barcelona en 1912. Militó en la CNT.</strong></p>
<p>Con la derrota de 1939 pasó la frontera y fue internado en Argelers y Barcarès. Se apuntó al XXII Regimiento de Marcha y fue enviado al frente de Somme.</p>
<p>El 6 de junio de 1940 se hace prisionero por los alemanes y es internado en Moosburg (Stalag VII) y de allí a Mauthausen . Formó parte del “Komando Cesar”. En 1942 logra huir, pero es apresado y enviado a trabajar en la cantera de Mauthausen. Más tarde es enviado a un Komando de trabajo en el Tirol destinado a los condenados a muerte, pero vuelve a huir. Es detenido de nuevo y enviado a Mauthausen y Gusen. Al final de la guerra es incluido en las “Marchas de la muerte”, sobrevive y es liberado cerca de Persing por las tropas aliadas.</p>
