{"id":391,"date":"2023-07-12T08:36:51","date_gmt":"2023-07-12T08:36:51","guid":{"rendered":"https:\/\/projectestolpersteinebcn.amical-mauthausen.org\/testimonis\/vicenc-vidrier-gimenez\/"},"modified":"2023-07-19T11:26:24","modified_gmt":"2023-07-19T11:26:24","slug":"vicenc-vidrier-gimenez","status":"publish","type":"testimonis","link":"https:\/\/projectestolpersteinebcn.amical-mauthausen.org\/es\/testimonis\/vicenc-vidrier-gimenez\/","title":{"rendered":"Vicen\u00e7 Vidrier Gim\u00e9nez"},"content":{"rendered":"<p><strong>Naci\u00f3 en Toris (Valencia) el 23 de noviembre de 1900.<\/strong> Hacia 1920 se traslad\u00f3 a vivir a Barcelona y trabaj\u00f3 en las oficinas de la Compa\u00f1\u00eda de Tranv\u00edas.<\/p>\n<p>A finales de enero de 1939 march\u00f3 al exilio. Estuvo en el campo de Embrum desde donde fue destinado a una Compa\u00f1\u00eda de Trabajadores Extranjeros. Fue capturado por los alemanes en la primavera de 1940 e internado en el Frontstalag 161 y posteriormente en el Stalag XIID en Trier. Desde aqu\u00ed fue deportado a Mauthausen donde lleg\u00f3 el 3 de abril de 1941, donde le fue asignado el n\u00ba de 4448. El 30 de junio fue trasladado a Gusen con n\u00ba 13262, donde muri\u00f3 el 21 de enero de 1942.<\/p>\n","protected":false},"featured_media":0,"template":"","districte":[21],"class_list":["post-391","testimonis","type-testimonis","status-publish","hentry","districte-sant-marti"],"acf":[],"_links":{"self":[{"href":"https:\/\/projectestolpersteinebcn.amical-mauthausen.org\/es\/wp-json\/wp\/v2\/testimonis\/391","targetHints":{"allow":["GET"]}}],"collection":[{"href":"https:\/\/projectestolpersteinebcn.amical-mauthausen.org\/es\/wp-json\/wp\/v2\/testimonis"}],"about":[{"href":"https:\/\/projectestolpersteinebcn.amical-mauthausen.org\/es\/wp-json\/wp\/v2\/types\/testimonis"}],"wp:attachment":[{"href":"https:\/\/projectestolpersteinebcn.amical-mauthausen.org\/es\/wp-json\/wp\/v2\/media?parent=391"}],"wp:term":[{"taxonomy":"districte","embeddable":true,"href":"https:\/\/projectestolpersteinebcn.amical-mauthausen.org\/es\/wp-json\/wp\/v2\/districte?post=391"}],"curies":[{"name":"wp","href":"https:\/\/api.w.org\/{rel}","templated":true}]}}

Vicenç Vidrier Giménez

<p><strong>Nació en Toris (Valencia) el 23 de noviembre de 1900.</strong> Hacia 1920 se trasladó a vivir a Barcelona y trabajó en las oficinas de la Compañía de Tranvías.</p>
<p>A finales de enero de 1939 marchó al exilio. Estuvo en el campo de Embrum desde donde fue destinado a una Compañía de Trabajadores Extranjeros. Fue capturado por los alemanes en la primavera de 1940 e internado en el Frontstalag 161 y posteriormente en el Stalag XIID en Trier. Desde aquí fue deportado a Mauthausen donde llegó el 3 de abril de 1941, donde le fue asignado el nº de 4448. El 30 de junio fue trasladado a Gusen con nº 13262, donde murió el 21 de enero de 1942.</p>
