{"id":385,"date":"2023-07-12T08:29:21","date_gmt":"2023-07-12T08:29:21","guid":{"rendered":"https:\/\/projectestolpersteinebcn.amical-mauthausen.org\/testimonis\/max-stammreich\/"},"modified":"2023-07-19T11:06:42","modified_gmt":"2023-07-19T11:06:42","slug":"max-stammreich","status":"publish","type":"testimonis","link":"https:\/\/projectestolpersteinebcn.amical-mauthausen.org\/es\/testimonis\/max-stammreich\/","title":{"rendered":"Max Stammreich"},"content":{"rendered":"<p><strong>Naci\u00f3 en Barcelona el 19 de julio de 1935,<\/strong> en el seno de una familia jud\u00eda. Durante la guerra la familia se traslad\u00f3 a Par\u00eds.<\/p>\n<p>En 1944 fueron detenidos y llevados al campo de tr\u00e1fico de Drancy, donde a Max le correspondi\u00f3 la matr\u00edcula de internado 12.130.<\/p>\n<p>El 3 de febrero de 1944 fue deportado en el transporte n\u00ba 67 a Auschwitz, donde fue asesinado a su llegada.<\/p>\n","protected":false},"featured_media":0,"template":"","districte":[18],"class_list":["post-385","testimonis","type-testimonis","status-publish","hentry","districte-horta-guinardo"],"acf":[],"_links":{"self":[{"href":"https:\/\/projectestolpersteinebcn.amical-mauthausen.org\/es\/wp-json\/wp\/v2\/testimonis\/385","targetHints":{"allow":["GET"]}}],"collection":[{"href":"https:\/\/projectestolpersteinebcn.amical-mauthausen.org\/es\/wp-json\/wp\/v2\/testimonis"}],"about":[{"href":"https:\/\/projectestolpersteinebcn.amical-mauthausen.org\/es\/wp-json\/wp\/v2\/types\/testimonis"}],"wp:attachment":[{"href":"https:\/\/projectestolpersteinebcn.amical-mauthausen.org\/es\/wp-json\/wp\/v2\/media?parent=385"}],"wp:term":[{"taxonomy":"districte","embeddable":true,"href":"https:\/\/projectestolpersteinebcn.amical-mauthausen.org\/es\/wp-json\/wp\/v2\/districte?post=385"}],"curies":[{"name":"wp","href":"https:\/\/api.w.org\/{rel}","templated":true}]}}

<p><strong>Nació en Barcelona el 19 de julio de 1935,</strong> en el seno de una familia judía. Durante la guerra la familia se trasladó a París.</p>
<p>En 1944 fueron detenidos y llevados al campo de tráfico de Drancy, donde a Max le correspondió la matrícula de internado 12.130.</p>
<p>El 3 de febrero de 1944 fue deportado en el transporte nº 67 a Auschwitz, donde fue asesinado a su llegada.</p>
