{"id":384,"date":"2023-07-12T08:27:59","date_gmt":"2023-07-12T08:27:59","guid":{"rendered":"https:\/\/projectestolpersteinebcn.amical-mauthausen.org\/testimonis\/florian-ibanez-marin\/"},"modified":"2023-07-19T11:04:27","modified_gmt":"2023-07-19T11:04:27","slug":"florian-ibanez-marin","status":"publish","type":"testimonis","link":"https:\/\/projectestolpersteinebcn.amical-mauthausen.org\/es\/testimonis\/florian-ibanez-marin\/","title":{"rendered":"Flori\u00e1n \u00cdba\u00f1ez Mar\u00edn"},"content":{"rendered":"<p><strong>Naci\u00f3 en Almansa (Albacete) el 27 de marzo de 1903,<\/strong> tras pasar por la ciudad de Elche, recal\u00f3 en la ciudad de Barcelona donde residi\u00f3 definitivamente.<\/p>\n<p>Flori\u00e1n fue un obrero anarcosindicalista y que como consecuencia de la derrota republicana se vio obligado a exiliarse en Francia. Fue detenido por los alemanes en la primavera de 1940 y deportado a Mauthausen y posteriormente a Gusen donde muri\u00f3 el 6 de septiembre de 1941.<\/p>\n","protected":false},"featured_media":0,"template":"","districte":[18],"class_list":["post-384","testimonis","type-testimonis","status-publish","hentry","districte-horta-guinardo"],"acf":[],"_links":{"self":[{"href":"https:\/\/projectestolpersteinebcn.amical-mauthausen.org\/es\/wp-json\/wp\/v2\/testimonis\/384","targetHints":{"allow":["GET"]}}],"collection":[{"href":"https:\/\/projectestolpersteinebcn.amical-mauthausen.org\/es\/wp-json\/wp\/v2\/testimonis"}],"about":[{"href":"https:\/\/projectestolpersteinebcn.amical-mauthausen.org\/es\/wp-json\/wp\/v2\/types\/testimonis"}],"wp:attachment":[{"href":"https:\/\/projectestolpersteinebcn.amical-mauthausen.org\/es\/wp-json\/wp\/v2\/media?parent=384"}],"wp:term":[{"taxonomy":"districte","embeddable":true,"href":"https:\/\/projectestolpersteinebcn.amical-mauthausen.org\/es\/wp-json\/wp\/v2\/districte?post=384"}],"curies":[{"name":"wp","href":"https:\/\/api.w.org\/{rel}","templated":true}]}}

Florián Íbañez Marín

<p><strong>Nació en Almansa (Albacete) el 27 de marzo de 1903,</strong> tras pasar por la ciudad de Elche, recaló en la ciudad de Barcelona donde residió definitivamente.</p>
<p>Florián fue un obrero anarcosindicalista y que como consecuencia de la derrota republicana se vio obligado a exiliarse en Francia. Fue detenido por los alemanes en la primavera de 1940 y deportado a Mauthausen y posteriormente a Gusen donde murió el 6 de septiembre de 1941.</p>
