{"id":383,"date":"2023-07-12T08:26:30","date_gmt":"2023-07-12T08:26:30","guid":{"rendered":"https:\/\/projectestolpersteinebcn.amical-mauthausen.org\/testimonis\/lluis-villar-fornas\/"},"modified":"2023-07-19T11:02:06","modified_gmt":"2023-07-19T11:02:06","slug":"lluis-villar-fornas","status":"publish","type":"testimonis","link":"https:\/\/projectestolpersteinebcn.amical-mauthausen.org\/es\/testimonis\/lluis-villar-fornas\/","title":{"rendered":"Llu\u00eds Villar Fornas"},"content":{"rendered":"<p><strong>Naci\u00f3 en Barcelona el 6 de junio de 1900.<\/strong> Cuando se produjo el golpe fascista contra el gobierno de la Rep\u00fablica se alisto voluntario.<\/p>\n<p>March\u00f3 al exilio en Francia y permaneci\u00f3 un tiempo en el campo de refugiados de Argelers. Se uni\u00f3 a la Compa\u00f1\u00eda de Trabajadores Extranjeros. Fue detenido por los alemanes y trasladado al Stalag VIII C en Zagan (Polonia) y posteriormente en la XII D en Trier y el 25 de enero de 1941 fue llevado a Mauthausen donde le correspondi\u00f3 el n\u00ba 4087. Dos meses y medio m\u00e1s tarde lo trasladaron a Gusen (matricula 11932) donde resisti\u00f3 hasta el 7 de diciembre, fecha que se registr\u00f3 su muerte.<\/p>\n","protected":false},"featured_media":0,"template":"","districte":[17],"class_list":["post-383","testimonis","type-testimonis","status-publish","hentry","districte-gracia"],"acf":[],"_links":{"self":[{"href":"https:\/\/projectestolpersteinebcn.amical-mauthausen.org\/es\/wp-json\/wp\/v2\/testimonis\/383","targetHints":{"allow":["GET"]}}],"collection":[{"href":"https:\/\/projectestolpersteinebcn.amical-mauthausen.org\/es\/wp-json\/wp\/v2\/testimonis"}],"about":[{"href":"https:\/\/projectestolpersteinebcn.amical-mauthausen.org\/es\/wp-json\/wp\/v2\/types\/testimonis"}],"wp:attachment":[{"href":"https:\/\/projectestolpersteinebcn.amical-mauthausen.org\/es\/wp-json\/wp\/v2\/media?parent=383"}],"wp:term":[{"taxonomy":"districte","embeddable":true,"href":"https:\/\/projectestolpersteinebcn.amical-mauthausen.org\/es\/wp-json\/wp\/v2\/districte?post=383"}],"curies":[{"name":"wp","href":"https:\/\/api.w.org\/{rel}","templated":true}]}}

Lluís Villar Fornas

<p><strong>Nació en Barcelona el 6 de junio de 1900.</strong> Cuando se produjo el golpe fascista contra el gobierno de la República se alisto voluntario.</p>
<p>Marchó al exilio en Francia y permaneció un tiempo en el campo de refugiados de Argelers. Se unió a la Compañía de Trabajadores Extranjeros. Fue detenido por los alemanes y trasladado al Stalag VIII C en Zagan (Polonia) y posteriormente en la XII D en Trier y el 25 de enero de 1941 fue llevado a Mauthausen donde le correspondió el nº 4087. Dos meses y medio más tarde lo trasladaron a Gusen (matricula 11932) donde resistió hasta el 7 de diciembre, fecha que se registró su muerte.</p>
