{"id":382,"date":"2023-07-12T08:24:06","date_gmt":"2023-07-12T08:24:06","guid":{"rendered":"https:\/\/projectestolpersteinebcn.amical-mauthausen.org\/testimonis\/llorenc-vitria-barrera\/"},"modified":"2023-07-19T10:52:29","modified_gmt":"2023-07-19T10:52:29","slug":"llorenc-vitria-barrera","status":"publish","type":"testimonis","link":"https:\/\/projectestolpersteinebcn.amical-mauthausen.org\/es\/testimonis\/llorenc-vitria-barrera\/","title":{"rendered":"Lloren\u00e7 Vitri\u00e0 Barrera"},"content":{"rendered":"<p><strong>Naci\u00f3 en Barcelona el 2 de febrero de 1908.<\/strong> Aficionado al boxeo, entrenaba en el Sporting Boxing Club de Barcelona. En 1924 form\u00f3 parte del equipo espa\u00f1ol en las Olimpiadas celebradas en Par\u00eds.\u00a0 En 1935 se retir\u00f3 definitivamente del boxeo y abri\u00f3 una tienda de fajas ortop\u00e9dicas.<\/p>\n<p>Ante la llegada de las tropas franquistas a Barcelona, se vio obligado a exiliarse en Francia por su condici\u00f3n de republicano.<\/p>\n<p>March\u00f3 hacia Perpi\u00f1\u00e1n, m\u00e1s tarde fue a Ruelle y posteriormente fue internado en el campo de refugiados de Les Alliers (Angulema).<\/p>\n<p>El 20 de agosto de 1940, sali\u00f3 de Angulema, el primer convoy desde Francia con personas civiles hacia un campo nazi. Era el convoy conocido como el Convoy de los 927 o Convoy de Angulema. Entre ellos estaba en Lloren\u00e7 Vitri\u00e0.<\/p>\n<p>El 24 de agosto lleg\u00f3 a Mauthausen, donde\u00a0 le adjudicaron la matricula 4074 y a pesar de ser un atleta, la dureza del trabajo, los malos tratos, los abusos, el fr\u00edo y el hambre hicieron efecto en su cuerpo y en su \u00e1nimo. El 24 de enero de 1941 fue trasladado a Gusen con la matricula 9785, donde muri\u00f3 el 18 de junio de 1941.<\/p>\n","protected":false},"featured_media":0,"template":"","districte":[16],"class_list":["post-382","testimonis","type-testimonis","status-publish","hentry","districte-sarria-sant-gervasi"],"acf":[],"_links":{"self":[{"href":"https:\/\/projectestolpersteinebcn.amical-mauthausen.org\/es\/wp-json\/wp\/v2\/testimonis\/382","targetHints":{"allow":["GET"]}}],"collection":[{"href":"https:\/\/projectestolpersteinebcn.amical-mauthausen.org\/es\/wp-json\/wp\/v2\/testimonis"}],"about":[{"href":"https:\/\/projectestolpersteinebcn.amical-mauthausen.org\/es\/wp-json\/wp\/v2\/types\/testimonis"}],"wp:attachment":[{"href":"https:\/\/projectestolpersteinebcn.amical-mauthausen.org\/es\/wp-json\/wp\/v2\/media?parent=382"}],"wp:term":[{"taxonomy":"districte","embeddable":true,"href":"https:\/\/projectestolpersteinebcn.amical-mauthausen.org\/es\/wp-json\/wp\/v2\/districte?post=382"}],"curies":[{"name":"wp","href":"https:\/\/api.w.org\/{rel}","templated":true}]}}

Llorenç Vitrià Barrera

<p><strong>Nació en Barcelona el 2 de febrero de 1908.</strong> Aficionado al boxeo, entrenaba en el Sporting Boxing Club de Barcelona. En 1924 formó parte del equipo español en las Olimpiadas celebradas en París.  En 1935 se retiró definitivamente del boxeo y abrió una tienda de fajas ortopédicas.</p>
<p>Ante la llegada de las tropas franquistas a Barcelona, se vio obligado a exiliarse en Francia por su condición de republicano.</p>
<p>Marchó hacia Perpiñán, más tarde fue a Ruelle y posteriormente fue internado en el campo de refugiados de Les Alliers (Angulema).</p>
<p>El 20 de agosto de 1940, salió de Angulema, el primer convoy desde Francia con personas civiles hacia un campo nazi. Era el convoy conocido como el Convoy de los 927 o Convoy de Angulema. Entre ellos estaba en Llorenç Vitrià.</p>
<p>El 24 de agosto llegó a Mauthausen, donde  le adjudicaron la matricula 4074 y a pesar de ser un atleta, la dureza del trabajo, los malos tratos, los abusos, el frío y el hambre hicieron efecto en su cuerpo y en su ánimo. El 24 de enero de 1941 fue trasladado a Gusen con la matricula 9785, donde murió el 18 de junio de 1941.</p>
