{"id":376,"date":"2023-07-12T08:13:38","date_gmt":"2023-07-12T08:13:38","guid":{"rendered":"https:\/\/projectestolpersteinebcn.amical-mauthausen.org\/testimonis\/francesc-boix-campo\/"},"modified":"2023-07-19T10:27:51","modified_gmt":"2023-07-19T10:27:51","slug":"francesc-boix-campo","status":"publish","type":"testimonis","link":"https:\/\/projectestolpersteinebcn.amical-mauthausen.org\/es\/testimonis\/francesc-boix-campo\/","title":{"rendered":"Francesc Boix Campo"},"content":{"rendered":"<p><strong>Naci\u00f3 el 31 de agosto de 1920.<\/strong> Afiliado a las J.S.U.C., trabaj\u00f3 para la revista Julio como fot\u00f3grafo hasta que iba a luchar como voluntario en la 30\u00aa Divisi\u00f3n.<\/p>\n<p>La derrota lo llev\u00f3 hacia Francia donde pasa por los campos de Juncosa y Septfonds donde fue destinado a la 28 Compa\u00f1\u00eda de Trabajadores Extranjeros. Detenido en los Vosgues y despu\u00e9s de pasar por diferente Frontalags y Stalags fue llevado a Mauthausen el 27 de enero de 1941. Particip\u00f3 dentro del campo en la labor de robos de negativos. Particip\u00f3 como testigo en el Tribunal Internacional de Nuremberg donde pudo mostrar las fotograf\u00edas probatorias. Meses despu\u00e9s, tambi\u00e9n aport\u00f3 su testimonio gr\u00e1fico al Tribunal americano de Dachau .<\/p>\n<p>Debido a su deteriorada salud a consecuencia de su paso por Mauthausen muri\u00f3 en Par\u00eds el 7 de julio de 1951.<\/p>\n","protected":false},"featured_media":0,"template":"","districte":[15],"class_list":["post-376","testimonis","type-testimonis","status-publish","hentry","districte-sants-montjuic"],"acf":[],"_links":{"self":[{"href":"https:\/\/projectestolpersteinebcn.amical-mauthausen.org\/es\/wp-json\/wp\/v2\/testimonis\/376","targetHints":{"allow":["GET"]}}],"collection":[{"href":"https:\/\/projectestolpersteinebcn.amical-mauthausen.org\/es\/wp-json\/wp\/v2\/testimonis"}],"about":[{"href":"https:\/\/projectestolpersteinebcn.amical-mauthausen.org\/es\/wp-json\/wp\/v2\/types\/testimonis"}],"wp:attachment":[{"href":"https:\/\/projectestolpersteinebcn.amical-mauthausen.org\/es\/wp-json\/wp\/v2\/media?parent=376"}],"wp:term":[{"taxonomy":"districte","embeddable":true,"href":"https:\/\/projectestolpersteinebcn.amical-mauthausen.org\/es\/wp-json\/wp\/v2\/districte?post=376"}],"curies":[{"name":"wp","href":"https:\/\/api.w.org\/{rel}","templated":true}]}}

<p><strong>Nació el 31 de agosto de 1920.</strong> Afiliado a las J.S.U.C., trabajó para la revista Julio como fotógrafo hasta que iba a luchar como voluntario en la 30ª División.</p>
<p>La derrota lo llevó hacia Francia donde pasa por los campos de Juncosa y Septfonds donde fue destinado a la 28 Compañía de Trabajadores Extranjeros. Detenido en los Vosgues y después de pasar por diferente Frontalags y Stalags fue llevado a Mauthausen el 27 de enero de 1941. Participó dentro del campo en la labor de robos de negativos. Participó como testigo en el Tribunal Internacional de Nuremberg donde pudo mostrar las fotografías probatorias. Meses después, también aportó su testimonio gráfico al Tribunal americano de Dachau .</p>
<p>Debido a su deteriorada salud a consecuencia de su paso por Mauthausen murió en París el 7 de julio de 1951.</p>
