{"id":375,"date":"2023-07-12T08:10:47","date_gmt":"2023-07-12T08:10:47","guid":{"rendered":"https:\/\/projectestolpersteinebcn.amical-mauthausen.org\/testimonis\/carme-boatell-teixido\/"},"modified":"2023-07-19T10:25:45","modified_gmt":"2023-07-19T10:25:45","slug":"carme-boatell-teixido","status":"publish","type":"testimonis","link":"https:\/\/projectestolpersteinebcn.amical-mauthausen.org\/es\/testimonis\/carme-boatell-teixido\/","title":{"rendered":"Carme Boatell Teixid\u00f3"},"content":{"rendered":"<p><strong>Naci\u00f3 en Barcelona el 28 de julio de 1911.<\/strong> Cruz\u00f3 la frontera y lleg\u00f3 a Perpi\u00f1\u00e1n. Form\u00f3 parte del primer grupo de la Resistencia en Marsella donde fue detenida y llevada a la c\u00e1rcel de Baumette de Marsella. En enero de 1943 fue trasladada a Reims. Y en el mes de junio en Ravensbr\u00fcck. Al cabo de unos d\u00edas fue trasladada a Leipzig para trabajar en una f\u00e1brica de armamento. Sobrevivi\u00f3 y muri\u00f3 en Perpi\u00f1\u00e1n el 31 de mayo de 1976.<\/p>\n","protected":false},"featured_media":0,"template":"","districte":[15],"class_list":["post-375","testimonis","type-testimonis","status-publish","hentry","districte-sants-montjuic"],"acf":[],"_links":{"self":[{"href":"https:\/\/projectestolpersteinebcn.amical-mauthausen.org\/es\/wp-json\/wp\/v2\/testimonis\/375","targetHints":{"allow":["GET"]}}],"collection":[{"href":"https:\/\/projectestolpersteinebcn.amical-mauthausen.org\/es\/wp-json\/wp\/v2\/testimonis"}],"about":[{"href":"https:\/\/projectestolpersteinebcn.amical-mauthausen.org\/es\/wp-json\/wp\/v2\/types\/testimonis"}],"wp:attachment":[{"href":"https:\/\/projectestolpersteinebcn.amical-mauthausen.org\/es\/wp-json\/wp\/v2\/media?parent=375"}],"wp:term":[{"taxonomy":"districte","embeddable":true,"href":"https:\/\/projectestolpersteinebcn.amical-mauthausen.org\/es\/wp-json\/wp\/v2\/districte?post=375"}],"curies":[{"name":"wp","href":"https:\/\/api.w.org\/{rel}","templated":true}]}}

Carme Boatell Teixidó

<p><strong>Nació en Barcelona el 28 de julio de 1911.</strong> Cruzó la frontera y llegó a Perpiñán. Formó parte del primer grupo de la Resistencia en Marsella donde fue detenida y llevada a la cárcel de Baumette de Marsella. En enero de 1943 fue trasladada a Reims. Y en el mes de junio en Ravensbrück. Al cabo de unos días fue trasladada a Leipzig para trabajar en una fábrica de armamento. Sobrevivió y murió en Perpiñán el 31 de mayo de 1976.</p>
